et h(d) = 2*d + 1. Let j(n) = -n + 1. Let r(u) = -h(u) - j(u). Let z be r(-12). Suppose z*a - 22 - 1418 = 0. What are the prime factors of a?
2, 3
Let a be 64/(-40) - 4/10. Let y be (-57)/(-21) - (a/7 + 0). What are the prime factors of 1/y + 1760/48?
37
Let p(h) = 466*h + 3516. List the prime factors of p(40).
2, 29, 191
List the prime factors of ((-384)/(-3))/(3/((-99)/(-6))).
2, 11
Suppose 89*o - 273996 = 947440. What are the prime factors of o?
2, 47, 73
Suppose 0 = 3*d - 2*n - 34042 + 4705, -5*n - 9779 = -d. List the prime factors of d.
7, 11, 127
Suppose -3*y = 3*a + 330, 0 = -0*a + 3*a - 2*y + 330. Let f = -138 + 81. Let q = f - a. List the prime factors of q.
53
Let k(g) = g**3 - 13*g**2 - g + 17. Let y be k(13). Suppose y*r - 4824 = -r + 4*h, -h - 2900 = -3*r. What are the prime factors of r?
2, 11
Suppose 12*f + 16862 = 20606 + 68748. List the prime factors of f.
7, 863
Suppose 9 = -0*g + 3*g. Let i = g + -1. Suppose 0*s = 5*p + i*s - 231, -s - 2 = 0. List the prime factors of p.
47
Let v = 96 - 134. Let b(f) = 5*f - 10. Let d be b(16). Let q = v + d. What are the prime factors of q?
2
Let b = -418 + 426. Suppose b*f + 6*f = 24010. What are the prime factors of f?
5, 7
Let w = 38648 - 16385. What are the prime factors of w?
3, 41, 181
Suppose -9*d + 88 = -d. Let m = 33 - d. List the prime factors of 342/24*(-1 - m/(-6)).
2, 19
Suppose 0 = -4*c + 3*c + 1, 3*n - 5*c = 1069. Suppose 9*s - v + 352 = 10*s, -s - 4*v = -n. What are the prime factors of s?
2, 5, 7
Let x(m) = m**3 - 2*m - 1. Let l(p) = 4*p**3 + 6*p**2 + 11*p - 8. Let o(s) = -l(s) - x(s). What are the prime factors of o(-6)?
3, 103
What are the prime factors of (12121/62*-26)/(-1*1)?
13, 17, 23
Suppose -5*t + 39 - 7 = 4*s, 10 = t + 2*s. Suppose -3*a = 3*z, 3*a + a - t = 0. List the prime factors of (z - 1526/(-8)) + 10/40.
2, 5, 19
Let u(w) = -9*w + 14477 - 15*w - 14383 - 21*w. List the prime factors of u(-8).
2, 227
Let p(m) = 6*m + 14 + 4*m - 3 + 0*m. Let n be p(-7). Let v = 72 + n. List the prime factors of v.
13
Let r(w) = -w**3 + 2*w**2 + 6*w - 6. Let d be r(3). Suppose 2*p = -4*y - 30, d*y - 20 = 5*p + 3. What are the prime factors of 6 + p + (-2 - -4)*72?
11, 13
Suppose -4*h + 5*a = -72152, -100672 = -4*h + 3*a - 28520. What are the prime factors of h?
2, 29, 311
Let d be (-168)/(-420) + 166/10. Suppose 6*n = d*n - 7854. What are the prime factors of n?
2, 3, 7, 17
Let g(c) = 164*c**2 - 12*c - 5. What are the prime factors of g(4)?
3, 857
Let l(m) = 2*m**2 + 39*m + 37. Let w(b) = -b**2 - 19*b - 18. Let j = -34 + 28. Let k(n) = j*l(n) - 13*w(n). List the prime factors of k(-13).
2, 3
Let t be (2 + (-4 - (-4 - -2)))/(-2). Let a(h) = -2*h**2 - 6*h + 151. List the prime factors of a(t).
151
Suppose -480 = 2*z - 8*z. Let s = 12 + z. Suppose 0 = 2*d + 4*q - 92, 2*d + 2*q + 3*q = s. What are the prime factors of d?
2, 23
Let g = 33 - 73. Let q = g - -33. List the prime factors of (-10872)/(-168) + (-2)/q.
5, 13
Suppose 6 - 30 = x. Let d = -26 - x. Let b(f) = -7*f**3 + f**2 - 3. What are the prime factors of b(d)?
3, 19
Suppose -5*f + 4*y + 299998 = 0, 2*f = 20*y - 21*y + 119994. List the prime factors of f.
2, 131, 229
Let w(m) = m**3 - 7*m**2 + m + 1. Let n(p) = -4*p**3 + 29*p**2 - 5*p - 4. Let l(u) = -2*n(u) - 9*w(u). Suppose -52*r - r = -212. List the prime factors of l(r).
19
Suppose -2*u = -5*u - 4*h + 1962, 5*u = -2*h + 3284. Suppose l = -4*z + 140, 4*l + l - z = u. Suppose -l = 21*w - 22*w. What are the prime factors of w?
2, 3, 11
Suppose -3*r = -13*r + 1030. Let o = r + -88. What are the prime factors of 219 + 4/12*o?
2, 7
Let b(k) = -15*k + 26. Let r(o) = o**3 - 20*o**2 - 22*o - 3. Let s be r(21). What are the prime factors of b(s)?
2, 193
Suppose 7*w - 975 = 3*y + 5*w, -2*w = -2*y - 648. Let n = y - -1792. What are the prime factors of n?
5, 293
Suppose 88*i = -112*i + i + 3756921. List the prime factors of i.
3, 7, 29, 31
Let a be 2/11 + (-54)/297. Suppose a = 31*q + 6*q - 2775. List the prime factors of q.
3, 5
Let q(f) = 9*f - 1. Let d(m) = -6 - 1 + 1 + 5. Let j(i) = d(i) + q(i). What are the prime factors of j(1)?
7
Suppose 21*p - 15717150 = -204*p. What are the prime factors of p?
2, 53, 659
Let l be -1*(0 - (-4 - -5)). Let j be (-2)/6 - (l - (-1700)/(-15)). Suppose -3*g - j = -7*g. What are the prime factors of g?
2, 7
Suppose 0 = 7*o - 6*o + 8. Let h be 2/o - 189/(-36). Suppose -89 = -w - 2*a, 0 = -3*w + h*a - a + 217. What are the prime factors of w?
79
Suppose 0*a = 2*a - 4*d + 4070, 4*a + 3*d = -8107. Let l = -1057 - a. What are the prime factors of l?
2, 3
Let t be (-1 - -9) + 0/(-1). Let r(n) = 65*n**2 - n - 1. Let s be r(-1). Let o = s + t. What are the prime factors of o?
73
What are the prime factors of 15/(-30)*4 - -4187?
3, 5, 31
Let z(p) = 596*p + 330. List the prime factors of z(7).
2, 2251
Let g(m) = 79*m**3 - 4*m**2 + 2*m + 2. Let b be g(2). Suppose -4*r = 2*t + t - b, -4*t = 8. What are the prime factors of r?
157
Suppose 4*t + 278 = -0*t - 2*d, -341 = 5*t - 4*d. Let s = t - -97. Suppose 0 = p + 6 - s. List the prime factors of p.
2, 11
List the prime factors of 616551/12 - (-29)/(-116) - 13.
2, 3, 7, 1223
Suppose -2662 = -z - s, z + 4*s = 7 + 2643. List the prime factors of z.
2, 31, 43
Let q = -97579 - -155882. What are the prime factors of q?
7, 8329
Let u = 329 + -325. Suppose -2208 = -8*m + u*m - 5*z, 0 = -4*m + 4*z + 2244. List the prime factors of m.
557
Let g(j) = j - 16. Let q be g(17). Let c(z) = -3 + 20 + 45*z - 19*z - q. What are the prime factors of c(3)?
2, 47
Suppose 22*x - 1521 - 129 = 0. List the prime factors of x.
3, 5
Let y = -5021 + 5468. List the prime factors of y.
3, 149
What are the prime factors of ((-2)/3)/((69/(-456021))/(1 + 0))?
2, 2203
Let f = 1985 - 1194. Suppose -2416 - f = -5*n - v, 0 = n + 3*v - 647. What are the prime factors of n?
641
Let p(d) = 128*d + 63 + 10*d**2 - 47*d - 60*d. List the prime factors of p(-7).
2, 7, 29
Let l = 9833 - -2270. List the prime factors of l.
7, 13, 19
Suppose -1292 + 352 = -5*j. Suppose 508 = q + j. What are the prime factors of q?
2, 5
Suppose -29*f + 1612770 - 366727 = 0. List the prime factors of f.
42967
Suppose -24*q + 124637 = -q. Let d = -3573 + q. What are the prime factors of d?
2, 13, 71
List the prime factors of (-14)/(-12) + 72609/18.
3, 5, 269
Suppose 6*u = -18*u + 96. Suppose -u*y + 0 - 16 = 0, 2*y = 3*n - 302. List the prime factors of n.
2, 7
Suppose n + 4*i = 3156, 3*n - 10*i - 9498 = -12*i. What are the prime factors of n?
2, 3, 11
Let q be -11 - -16 - (-1 + -70). Let f = q + -52. Suppose 750 = -f*l + 29*l. List the prime factors of l.
2, 3, 5
Let s(j) = -j**3 - 6*j**2 + 25*j + 13. Let b(m) = m**3 + 2*m**2 + m + 2. Let l = 16 - 19. Let x be b(l). What are the prime factors of s(x)?
163
Let f be (9 + -6)/(6/10). Suppose f*c - c = 1520. List the prime factors of c.
2, 5, 19
Suppose -13*a + 3712 = -11*a. Let z = a + -1007. What are the prime factors of z?
3, 283
Let i be 0 - (43 - (4 + -2)). Let x be -6 - (-1)/((-1)/(-99)). Let m = x + i. List the prime factors of m.
2, 13
Let n = 1606 + -1010. Suppose n = 41*q - 265. What are the prime factors of q?
3, 7
Suppose -420 = -5*c - 5*q, -4*q = -3*c - c + 312. Let f = c - -376. What are the prime factors of f?
457
Let p(r) = -r**3 + 11*r**2 - 27*r + 5. Let x be p(7). Suppose -u = -x*u + 3553. List the prime factors of u.
17, 19
Let t be (-2100)/80*(-128)/6. Let a = t + -425. What are the prime factors of a?
3, 5
Let k be (-4 - 45/(-10))*(-120 + 0). What are the prime factors of (-40520)/k*9/6?
1013
Suppose -124*x - 308984 + 1326032 = 0. What are the prime factors of x?
2, 3, 1367
Let d(k) = -165*k + 17. Let w be d(-1). What are the prime factors of w + (2 - 0) + 4?
2, 47
Suppose 0 = 2*c + c - 6. List the prime factors of (33/22)/(2/248*c).
3, 31
Let t = 24 + -37. Let p(l) be the first derivative of -8*l**2 + 49*l + 695. What are the prime factors of p(t)?
257
What are the prime factors of (49272/22)/(512/2816)?
2, 3, 2053
Let m = 6 - -4. Let x(z) be the first derivative of -z**3/3 + 7*z**2 - 24*z - 24. What are the prime factors of x(m)?
2
Let s(j) = -4*j**3 - 10*j**2 - 33*j - 2. Let l(d) = -3*d**3 - 9*d**2 - 33*d. Let h(p) = -3*l(p) + 4*s(p). What are the prime factors of h(-5)?
7, 101
Let h(q) = -3*q**3 + q - 1.